-7*d. Let y(t) be the first derivative of t**3/3 + 4*t**2 + 8*t + 2. Let u be y(-10). What is the greatest common divisor of d and u?
14
Let p be 28/3*6/4. Let o = 1086 + -974. What is the highest common divisor of o and p?
14
Let t be 2 + 12/(-9) - (-1)/3. What is the greatest common divisor of 27 and t?
1
Suppose 0 = -2*i - 8. Let h(k) be the third derivative of -19*k**4/12 - 4*k**3/3 + 23*k**2. Let w be h(i). What is the greatest common divisor of 18 and w?
18
Let s = 502 + -322. Calculate the highest common divisor of s and 54.
18
Suppose -123*w + 1575 = -108*w. Suppose 0 = -4*a + a + 6, 4*u - 4*a = 76. What is the highest common factor of u and w?
21
Suppose 7*r - 15*r + 48 = 0. Calculate the greatest common factor of 78 and r.
6
Suppose 0 = -5*q + w + 12 + 24, 3*q - 4*w - 8 = 0. Suppose -2*f = -s, 0 = s + 2*s - 5*f + 2. Let p = 6 + s. What is the greatest common divisor of q and p?
2
Suppose -u + 82 = 3*u + 2*x, 10 = 2*x. Suppose 2*z + 66 = -7*y + 9*y, 3*y = 5*z + 93. What is the highest common factor of y and u?
18
Suppose -148*v + 150*v - 2*i = 106, 0 = 3*v + i - 155. Calculate the highest common divisor of v and 910.
26
Suppose 0 = 3*o + 234 - 633. What is the greatest common divisor of o and 7?
7
Let k(p) = p - 19. Let g(t) = -t**2 - 17*t - 12. Let c be g(-15). Let h be k(c). Let j be h/6 - (-4774)/132. Calculate the highest common divisor of j and 4.
4
Let u(i) = -3*i + 3. Let y be u(7). Let x = y + 27. Let k(v) = -v + 31. Let m be k(-14). Calculate the highest common divisor of m and x.
9
Let z be 1 + (50 - 0/4). Let r(f) = z*f + 7 + 13 - 50*f. Let u be r(-7). Calculate the highest common factor of u and 13.
13
Suppose -202 - 680 = -2*s. Suppose 10*h = -1 + s. What is the greatest common divisor of 4 and h?
4
Let w be 86/688 + 190/16. Calculate the greatest common factor of 75 and w.
3
Let v be (-2)/(-9) - (-858)/27. Suppose -2572*c + 2580*c = 640. Calculate the highest common factor of c and v.
16
Suppose 6*h + 90 - 102 = 0. Calculate the greatest common factor of 16 and h.
2
Let p(t) = 30*t**2 + 2*t. Let l be p(1). Calculate the highest common factor of 32 and l.
32
Let p(g) = g**2 - 5*g - 4. Let b be p(-5). Suppose -2*h + 11 = -35. Calculate the greatest common divisor of h and b.
23
Let n(j) = 3*j + 0*j**2 + 2*j**2 + 3*j**2. Let x(t) = -t**3 + 4*t**2 + 23. Let p be x(5). Let c be n(p). What is the greatest common factor of 112 and c?
14
Let q(o) = o**3 - 15*o**2 - 77*o + 20. Let t be q(19). What is the highest common divisor of 1 and t?
1
Suppose 72 = 4*d + 24. Suppose 9*z + 80 = -4*z + 18*z. What is the greatest common divisor of d and z?
4
Let t(b) = b**2 - 3*b - 1. Let h be t(5). Let k(z) = 2*z + 12. Let v be k(h). Let w be -3 - ((2 - 80) + 0). Calculate the highest common factor of w and v.
15
Suppose -14*d - 18270 = -59*d. Calculate the highest common divisor of d and 21.
7
Suppose 2*v + 74 = 3*s - 14, -84 = -2*s - 5*v. Suppose -5*i = -4*u + 102, u + 3*i = i + s. What is the greatest common factor of 14 and u?
14
Let g = -18 + 25. Let s(z) = -9*z + 13. Let i be s(g). Let p = 72 + i. What is the greatest common factor of p and 110?
22
Let h = 2731 - 2416. What is the greatest common divisor of 35 and h?
35
Suppose 4*m - 4*u - 368 = 0, -3*m - u + 358 = m. Let b be 0*(-3 + 0 + 4) + (-330)/(-33). What is the greatest common divisor of b and m?
10
Suppose -3*n = -8*n + 50. Suppose -4*l = -3*l - n. Let m = l + -5. What is the greatest common factor of m and 35?
5
Let p = 125 - -211. What is the highest common divisor of p and 120?
24
Let s = -24 + 60. Suppose 4*v = 969 + 1383. Suppose -4*h - v = -4*g, g - 3*h - 37 = 116. What is the highest common divisor of s and g?
36
Suppose -4*h + 3*i + 499 - 109 = 0, -5*h + 3*i + 489 = 0. What is the greatest common divisor of h and 33?
33
Let d = -10 + 14. Suppose -d*p + 5*u + 15 = p, -3*u - 19 = 2*p. Let h be p/(-3)*324/8. What is the highest common factor of h and 18?
9
Suppose -2*j + 12 = 5*v, -6*v = -j - 7*v + 12. Calculate the greatest common factor of j and 272.
16
Suppose -2*x + 10 = 2*w, -6*w = -w - 3*x - 9. Let y be 1/(w + 231/(-78)). Calculate the greatest common divisor of y and 208.
26
Suppose -4*i = -5*t - 107, -4 + 31 = i - t. Let g(m) = 46*m - 390. Let f be g(10). Calculate the greatest common factor of i and f.
14
Let l be -224 + -1*(-4 - -5). Let k = l + 652. Suppose 2*r = 101 + k. Calculate the highest common factor of r and 24.
24
Let i = 164 - 54. Calculate the highest common factor of 44 and i.
22
Suppose 0 = 3*k - 4*d + 3, 7*k + 12 = 12*k - d. Calculate the highest common divisor of k and 99.
3
Let p be 399/2*(-524)/(-393). What is the greatest common divisor of 56 and p?
14
Let q(f) = -15*f - 76. Let d be q(-12). Calculate the highest common factor of 832 and d.
104
Suppose 2*z - 7*z - 5*g + 20 = 0, 3*z = -4*g + 7. What is the highest common divisor of z and 4?
1
Let y = 60 + -19. Calculate the highest common factor of y and 123.
41
Let n be 5 + -10 + 3 + 3. What is the highest common factor of 41 and n?
1
Let x = -5 - 10. Let d = x - -35. What is the greatest common divisor of d and 20?
20
Let m be 5/25 - 1598/(-10). Calculate the greatest common divisor of 32 and m.
32
Let r(i) = i**2 + 4*i - 10. Let t be r(-6). Suppose -3*a - t*a + 165 = 0. Let y = a - -6. Calculate the greatest common divisor of 26 and y.
13
Let y be ((-101)/(-3))/(11/33). Let j = -37 + y. Suppose -3*u + j = a, a - 58 = 2*u - 3*u. Calculate the highest common factor of a and 5.
5
Suppose -23*b = 21*b - 1760. What is the highest common divisor of b and 190?
10
Let s = 491 - 140. What is the highest common factor of s and 13?
13
Let n = 344 - 336. What is the highest common factor of n and 52?
4
Let m(a) = -7*a + 1. Let s be m(-1). Suppose 6*f = s*f - 10. What is the highest common factor of f and 55?
5
Let b(c) = -c**2 - 27*c + 20. Let n be b(-28). Let z(w) = w + 58. Let g be z(n). Calculate the highest common divisor of g and 125.
25
Let k = -65 - -69. Suppose 0 = 3*m + 3*c + 4 - 28, -k*c + 22 = 3*m. Calculate the greatest common factor of m and 90.
10
Let h = 721 + -358. What is the greatest common factor of 3 and h?
3
Let t(m) = 67*m - 19. Let h be t(-3). Let z be (-238)/(-22) - 40/h. What is the highest common divisor of 55 and z?
11
Suppose 5*k = 5*s + 765, 0 = 4*k - 7*k - 3*s + 471. Suppose k*j = 151*j + 40. Calculate the highest common divisor of j and 70.
10
Let h(g) = g**3 + 9*g**2 - 7*g + 31. Let x be h(-10). What is the greatest common factor of 8 and x?
1
Suppose -o = 2*o + 3. Let r be 67*10/2 + o. Suppose -3*v + 512 = 4*b, 4*v - b - r = 2*v. What is the greatest common factor of 24 and v?
24
Suppose 525 = 5*m - 3*c, -m + 6*c - 7*c + 105 = 0. Calculate the highest common factor of 30 and m.
15
Suppose 4*q + i = -17, -5*q - 3*i + 3 = 19. Let m = q + 8. Suppose 5*s - 34 = -m*d, d - 6 = 4*s - 3*s. Calculate the greatest common factor of 40 and d.
8
Let x(p) = -3*p**2 - 18*p + 17. Let g(h) = 4*h**2 + 19*h - 17. Let s(b) = -4*g(b) - 5*x(b). Let k be s(7). What is the highest common divisor of 4 and k?
4
Suppose 5*d - 4*p - p - 1520 = 0, -3*d = -p - 902. Calculate the greatest common divisor of 39 and d.
13
Let w be (-10)/(-15)*3/(-2). Let d be 3 + 28 - (w - -4). Let s be 4/d + 670/14. Calculate the highest common factor of s and 16.
16
Suppose -4*j - 5*d - 220 + 31 = 0, -5*d - 5 = 0. Let f = j - -50. Suppose -3*v = -3*u + 2*v + 2, -3*v + 10 = u. What is the highest common factor of u and f?
4
Suppose 0*q = 3*c - 3*q, 24 = 3*c + 3*q. Let n(v) = 2*v + 82. Let x be n(-25). Calculate the highest common divisor of c and x.
4
Let r = -239 - -251. What is the greatest common factor of r and 420?
12
Suppose h + 2*f + 1 = 0, 4*h = -4*f + 2*f + 8. Suppose -s = -h*o - 4*s + 123, 0 = 3*o + s - 113. Calculate the highest common factor of o and 6.
6
Suppose -3096 = -5*f + 3*w, -f + w + 630 = 4*w. Calculate the greatest common divisor of 27 and f.
27
Suppose 0 = -4*c + 5*g + 113, -3*c - 10*g = -11*g - 71. Calculate the greatest common factor of c and 2.
2
Suppose 3*k + 598 = 622. Calculate the highest common factor of 172 and k.
4
Let f be ((-72)/28)/((-6)/56). Let m be 5181/27 - (-1)/9. What is the highest common divisor of m and f?
24
Let w = -238 - -250. What is the highest common factor of w and 